
-438a58
What is 9408 (base 13) in base 8?
47751
Convert -10221001200112 (base 3) to base 13.
-5812a9
Convert 4672848 (base 9) to base 6.
130104155
What is 100110111010010110 (base 2) in base 10?
159382
What is 11100111011000100111101 (base 2) in base 13?
17560ca
-3123311300 (base 4) to base 14
-19622c
What is -2100113330 (base 4) in base 7?
-5012033
-20255344 (base 6) to base 7
-4646026
What is 1758a9 (base 11) in base 5?
32140110
Convert 7128 (base 9) to base 16.
145a
Convert -3440002 (base 5) to base 9.
-103782
10b2b0a (base 13) to base 6
302153455
Convert -1406451 (base 9) to base 5.
-144204011
Convert -55156036 (base 7) to base 16.
-484759
Convert -24324032 (base 5) to base 11.
-1477a3
Convert -44ed9 (base 15) to base 9.
-363806
1251672 (base 10) to base 2
100110001100101011000
92718 (base 11) to base 2
100001000010000001
Convert -4963098 (base 10) to base 6.
-254213150
-3d6818 (base 15) to base 8
-13221763
What is -40316ab (base 12) in base 5?
-11033240432
Convert -a3898 (base 12) to base 2.
-110100001100110100
What is -2011000221 (base 3) in base 15?
-c807
What is -4131342 (base 5) in base 2?
-10000100010001010
63533 (base 7) to base 13
71c0
10101001111010001100 (base 2) to base 10
695948
110011110110000011001 (base 2) to base 12
69b161
-79908 (base 10) to base 5
-10024113
Convert -cb53 (base 15) to base 8.
-124055
What is -111010212002 (base 3) in base 11?
-1673a2
374a27 (base 11) to base 10
592203
What is -30010023111 (base 4) in base 9?
-5850533
27313 (base 12) to base 15
11010
What is 274107 (base 9) in base 11?
104545
100020200 (base 5) to base 7
3221432
9805 (base 13) to base 2
101001010001010
Convert -c1252 (base 15) to base 2.
-10010101010001001010
What is 1140143504 (base 6) in base 14?
19d7b8c
-69d62 (base 15) to base 10
-337142
What is 4040025 (base 6) in base 2?
101110110101010001
431a97 (base 11) to base 5
134101044
-16376417 (base 8) to base 14
-70cd67
Convert 111010010001001100 (base 2) to base 9.
403346
673928 (base 13) to base 3
11120202022222
What is -ca4bc (base 14) in base 12?
-1b725a
3013635 (base 8) to base 11
4a1444
333114023 (base 5) to base 12
5a3490
Convert 23462404 (base 7) to base 10.
2082553
-696329 (base 10) to base 11
-436187
-a64b6c (base 14) to base 4
-111130203030
What is -15253363 (base 8) in base 13?
-955156
21020245 (base 7) to base 10
1769668
Convert 12022101000211 (base 3) to base 10.
2821981
Convert -17710 (base 9) to base 7.
-50454
-14164236 (base 7) to base 8
-5037401
-101412 (base 11) to base 15
-333d9
-22f39 (base 16) to base 5
-14040121
Convert 43b8452 (base 12) to base 9.
26301648
Convert -1201212020 (base 3) to base 12.
-17929
What is 1140420044 (base 5) in base 11?
1564035
What is 381021 (base 11) in base 5?
123223020
Convert -2214063 (base 7) to base 6.
-5502350
44583 (base 11) to base 3
10021121000
Convert 2121110012 (base 4) to base 6.
21243142
What is -c3492 (base 13) in base 14?
-91846
Convert 14df1 (base 16) to base 11.
59258
Convert -2208321 (base 9) to base 8.
-4416402
What is 394c27 (base 15) in base 10?
2749987
Convert a94905 (base 14) to base 3.
101210110022110
What is -13160 (base 16) in base 2?
-10011000101100000
100010111110000101000000 (base 2) to base 12
30a10a8
Convert -3312445 (base 6) to base 14.
-442bb
Convert -79d46 (base 14) to base 15.
-5cb7d
What is 52356352 (base 8) in base 11?
6313816
What is -1112332322 (base 4) in base 2?
-1010110111110111010
What is -370368 (base 15) in base 13?
-712766
What is 51482 (base 13) in base 10?
145784
332545 (base 8) to base 11
77144
Convert 29bb2 (base 15) to base 16.
20c7b
What is -249a43 (base 13) in base 8?
-3263414
What is 123053 (base 14) in base 9?
1148478
Convert -35b66 (base 15) to base 12.
-83189
-75401 (base 9) to base 8
-141351
What is -43074 (base 14) in base 16?
-278ce
Convert 8b91a (base 13) to base 15.
504b9
-52853 (base 14) to base 13
-6c89a
Convert 52033151 (base 6) to base 8.
5554773
-15144 (base 7) to base 6
-31233
What is -8927a (base 15) in base 9?
-733887
What is -750870 (base 11) in base 15?
-18b072
4858 (base 10) to base 8
11372
Convert 1301302334 (base 5) to base 6.
151304532
1710138 (base 9) to base 16
e84a5
What is -165386 (base 9) in base 5?
-11234011
What is -2c99b (base 16) in base 10?
-182683
Convert 15513 (base 8) to base 5.
210422
Convert -1100111101111101000 (base 2) to base 14.
-b0c08
Convert 11010011010001111 (base 2) to base 16.
1a68f
Convert 9ba481 (base 12) to base 3.
11200021111221
Convert -1675604 (base 9) to base 11.
-58a095
Convert -2cb35 (base 13) to base 6.
-1455153
Convert -486663 (base 9) to base 5.
-33343401
-201224414 (base 5) to base 11
-4aa884
What is -1210126 (base 8) in base 7?
-2551346
Convert -371218 (base 16) to base 2.
-1101110001001000011000
What is 1ef796 (base 16) in base 12?
81a55a
Convert -32ab63 (base 16) to base 14.
-626231
What is -4eb11 (base 16) in base 9?
-541124
What is 78448 (base 12) in base 4?
212331320
Convert -14312111 (base 5) to base 10.
-150906
Convert 1200102003 (base 4) to base 3.
202000222100
What is -b25b0 (base 16) in base 6?
-23354052
What is 123101100 (base 4) in base 6?
2221040
What is 10201011221010 (base 3) in base 13?
540702
Convert 111000100001100000 (base 2) to base 10.
231520
10224031 (base 5) to base 7
506066
-200214332 (base 5) to base 7
-6463316
What is 1b12a71 (base 13) in base 15?
bba8e9
Convert 68626c (base 14) to base 10.
3551224
Convert 2391b (base 16) to base 3.
21101211222
Convert 102120021020 (base 3) to base 15.
476b3
Convert -32031233230 (base 4) to base 9.
-7008481
Convert -323515 (base 7) to base 9.
-85457
49857 (base 12) to base 6
2045351
120200331 (base 4) to base 12
4a139
What is 12012111212100 (base 3) in base 15?
39971c
-116586 (base 10) to base 15
-24826
What is 1031413030 (base 5) in base 16?
21d2c0
What is -113087 (base 9) in base 13?
-24b83
Convert 2d3a5 (base 15) to base 16.
23a23
Convert -22681506 (base 9) to base 2.
-101010000110100001000110
-71b50 (base 13) to base 12
-9a100
-34561777 (base 8) to base 2
-11100101110001111111111
11000221222222 (base 3) to base 2
1000001011100111001101
Convert -233121133 (base 4) to base 16.
-2f65f
-21074 (base 16) to base 15
-2a13e
What is -100110110101111010110110 (base 2) in base 6?
-1002124222
What is -54733 (base 15) in base 2?
-1000001011111011000
Convert -190135 (base 10) to base 12.
-92047
Convert -14233444 (base 5) to base 2.
-100100011100000001
-11011011100111111 (base 2) to base 16
-1b73f
Convert 1020012022003 (base 4) to base 2.
1001000000110001010000011
What is 12000122201 (base 3) in base 13?
36022
What is 1104124210 (base 5) in base 6?
123402512
What is 11421040 (base 5) in base 9?
173585
What is 10332312123 (base 4) in base 6?
43554203
-211121220122 (base 3) to base 6
-13313455
3132221103 (base 4) to base 6
31314003
Convert -120120201210 (base 3) to base 13.
-a97b5
-6dab (base 15) to base 6
-300012
222720 (base 8) to base 15
17446
-82678 (base 9) to base 16
-d4e7
Convert -287725 (base 13) to base 16.
-f1213
Convert -16609 (base 16) to base 15.
-1c257
41875 (base 13) to base 9
188637
What is -1260421 (base 7) in base 3?
-22102112201
Convert -101911 (base 14) to base 15.
-aaa67
Convert 176743a (base 15) to base 10.
17034580
10011010110101000001 (base 2) to base 12
267001
What is 211141030 (base 5) in base 16?
d707d
1601360 (base 8) to base 2
1110000001011110000
What is -101110112020 (base 3) in base 5?
-23042322
What is 11001331120 (base 4) in base 5?
314144434
Convert 2797d3 (base 15) to base 9.
3523480
483411 (base 13) to base 4
12210021231
Convert -64e69 (base 16) to base 7.
-3340632
Convert -32415 (base 13) to base 5.
-10401041
Convert -5221362 (base 8) to base 6.
-45404550
What is -1139a (base 12) in base 3?
-1011120101
What is 6e0635 (base 15) in base 2?
10100000101101111100000
628801 (base 9) to base 3
200222220001
-3010122203 (base 4) to base 3
-1111212120212
Convert 38965 (base 15) to base 10.
180995
What is -22203303 (base 4) in base 3?
-2012022220
What is -20123223012 (base 4) in base 10?
-2210502
What is 442144424 (base 5) in base 15?
27b9e4
-4397b (base 12) to base 2
-10101110110101111
What is -11040542 (base 6) in base 2?
-1010001000011001110
Convert -14bd56 (base 16) to base 11.
-8491a8
-202011113 (base 4) to base 7
-1121006
What is 624a1 (base 11) in